[INFO] fetching crate bluetooth_mesh 0.1.4...
[INFO] checking bluetooth_mesh-0.1.4 against try#72f88fc4e9458f89516a0b8b0868f3718aec5b47 for pr-74989
[INFO] extracting crate bluetooth_mesh 0.1.4 into /workspace/builds/worker-5/source
[INFO] validating manifest of crates.io crate bluetooth_mesh 0.1.4 on toolchain 72f88fc4e9458f89516a0b8b0868f3718aec5b47
[INFO] running `Command { std: "/workspace/cargo-home/bin/cargo" "+72f88fc4e9458f89516a0b8b0868f3718aec5b47" "read-manifest" "--manifest-path" "Cargo.toml", kill_on_drop: false }`
[INFO] started tweaking crates.io crate bluetooth_mesh 0.1.4
[INFO] finished tweaking crates.io crate bluetooth_mesh 0.1.4
[INFO] tweaked toml for crates.io crate bluetooth_mesh 0.1.4 written to /workspace/builds/worker-5/source/Cargo.toml
[INFO] running `Command { std: "/workspace/cargo-home/bin/cargo" "+72f88fc4e9458f89516a0b8b0868f3718aec5b47" "generate-lockfile" "--manifest-path" "Cargo.toml" "-Zno-index-update", kill_on_drop: false }`
[INFO] running `Command { std: "/workspace/cargo-home/bin/cargo" "+72f88fc4e9458f89516a0b8b0868f3718aec5b47" "fetch" "--locked" "--manifest-path" "Cargo.toml", kill_on_drop: false }`
[INFO] [stderr]  Downloading crates ...
[INFO] [stderr]   Downloaded btle v0.1.3
[INFO] running `Command { std: "docker" "create" "-v" "/var/lib/crater-agent-workspace/builds/worker-5/target:/opt/rustwide/target:rw,Z" "-v" "/var/lib/crater-agent-workspace/builds/worker-5/source:/opt/rustwide/workdir:ro,Z" "-v" "/var/lib/crater-agent-workspace/cargo-home:/opt/rustwide/cargo-home:ro,Z" "-v" "/var/lib/crater-agent-workspace/rustup-home:/opt/rustwide/rustup-home:ro,Z" "-e" "SOURCE_DIR=/opt/rustwide/workdir" "-e" "CARGO_TARGET_DIR=/opt/rustwide/target" "-e" "CARGO_HOME=/opt/rustwide/cargo-home" "-e" "RUSTUP_HOME=/opt/rustwide/rustup-home" "-w" "/opt/rustwide/workdir" "-m" "1610612736" "--user" "0:0" "--network" "none" "rustops/crates-build-env@sha256:d92eaeed33fa75130ca1ee6c8a01d1ffb62bac859dfdfb3450e3e5d1c0146529" "/opt/rustwide/cargo-home/bin/cargo" "+72f88fc4e9458f89516a0b8b0868f3718aec5b47" "metadata" "--no-deps" "--format-version=1", kill_on_drop: false }`
[INFO] [stdout] 5f91da47821018d6d661a0a6adf5443a977114ca7f5aa512e3bc4b9e74d39ad6
[INFO] [stderr] WARNING: Your kernel does not support swap limit capabilities or the cgroup is not mounted. Memory limited without swap.
[INFO] running `Command { std: "docker" "start" "-a" "5f91da47821018d6d661a0a6adf5443a977114ca7f5aa512e3bc4b9e74d39ad6", kill_on_drop: false }`
[INFO] running `Command { std: "docker" "inspect" "5f91da47821018d6d661a0a6adf5443a977114ca7f5aa512e3bc4b9e74d39ad6", kill_on_drop: false }`
[INFO] running `Command { std: "docker" "rm" "-f" "5f91da47821018d6d661a0a6adf5443a977114ca7f5aa512e3bc4b9e74d39ad6", kill_on_drop: false }`
[INFO] [stdout] 5f91da47821018d6d661a0a6adf5443a977114ca7f5aa512e3bc4b9e74d39ad6
[INFO] running `Command { std: "docker" "create" "-v" "/var/lib/crater-agent-workspace/builds/worker-5/target:/opt/rustwide/target:rw,Z" "-v" "/var/lib/crater-agent-workspace/builds/worker-5/source:/opt/rustwide/workdir:ro,Z" "-v" "/var/lib/crater-agent-workspace/cargo-home:/opt/rustwide/cargo-home:ro,Z" "-v" "/var/lib/crater-agent-workspace/rustup-home:/opt/rustwide/rustup-home:ro,Z" "-e" "SOURCE_DIR=/opt/rustwide/workdir" "-e" "CARGO_TARGET_DIR=/opt/rustwide/target" "-e" "CARGO_INCREMENTAL=0" "-e" "RUST_BACKTRACE=full" "-e" "RUSTFLAGS=--cap-lints=forbid" "-e" "CARGO_HOME=/opt/rustwide/cargo-home" "-e" "RUSTUP_HOME=/opt/rustwide/rustup-home" "-w" "/opt/rustwide/workdir" "-m" "1610612736" "--user" "0:0" "--network" "none" "rustops/crates-build-env@sha256:d92eaeed33fa75130ca1ee6c8a01d1ffb62bac859dfdfb3450e3e5d1c0146529" "/opt/rustwide/cargo-home/bin/cargo" "+72f88fc4e9458f89516a0b8b0868f3718aec5b47" "check" "--frozen" "--all" "--all-targets" "--message-format=json", kill_on_drop: false }`
[INFO] [stdout] feb857a7c30f5743e4c85fbf79e2820afe438007d24767765dfb1e57c810e439
[INFO] [stderr] WARNING: Your kernel does not support swap limit capabilities or the cgroup is not mounted. Memory limited without swap.
[INFO] running `Command { std: "docker" "start" "-a" "feb857a7c30f5743e4c85fbf79e2820afe438007d24767765dfb1e57c810e439", kill_on_drop: false }`
[INFO] [stderr]    Compiling proc-macro2 v1.0.21
[INFO] [stderr]    Compiling syn v1.0.40
[INFO] [stderr]    Compiling proc-macro-nested v0.1.6
[INFO] [stderr]    Compiling proc-macro-hack v0.5.18
[INFO] [stderr]    Compiling serde v1.0.116
[INFO] [stderr]     Checking opaque-debug v0.2.3
[INFO] [stderr]     Checking byte-tools v0.3.1
[INFO] [stderr]     Checking futures-sink v0.3.5
[INFO] [stderr]     Checking subtle v2.3.0
[INFO] [stderr]     Checking tokio v0.2.22
[INFO] [stderr]     Checking generic-array v0.12.3
[INFO] [stderr]     Checking getrandom v0.1.15
[INFO] [stderr]     Checking btle v0.1.3
[INFO] [stderr]     Checking block-padding v0.1.5
[INFO] [stderr]     Checking rand_core v0.5.1
[INFO] [stderr]     Checking block-cipher-trait v0.6.2
[INFO] [stderr]     Checking dbl v0.2.1
[INFO] [stderr]     Checking aead v0.2.0
[INFO] [stderr]     Checking aes-soft v0.3.3
[INFO] [stderr]     Checking block-modes v0.3.3
[INFO] [stderr]     Checking rand_chacha v0.2.2
[INFO] [stderr]     Checking rand v0.7.3
[INFO] [stderr]     Checking aes v0.3.2
[INFO] [stderr]    Compiling quote v1.0.7
[INFO] [stderr]    Compiling pin-project-internal v0.4.23
[INFO] [stderr]    Compiling serde_derive v1.0.116
[INFO] [stderr]    Compiling futures-macro v0.3.5
[INFO] [stderr]     Checking pin-project v0.4.23
[INFO] [stderr]     Checking futures-util v0.3.5
[INFO] [stderr]     Checking bluetooth_mesh v0.1.4 (/opt/rustwide/workdir)
[INFO] [stdout] warning: lint `intra_doc_link_resolution_failure` has been renamed to `broken_intra_doc_links`
[INFO] [stdout]   --> src/lib.rs:10:9
[INFO] [stdout]    |
[INFO] [stdout] 10 | #![deny(intra_doc_link_resolution_failure)]
[INFO] [stdout]    |         ^^^^^^^^^^^^^^^^^^^^^^^^^^^^^^^^^ help: use the new name: `broken_intra_doc_links`
[INFO] [stdout]    |
[INFO] [stdout]    = note: `#[warn(renamed_and_removed_lints)]` on by default
[INFO] [stdout] 
[INFO] [stdout] 
[INFO] [stdout] warning: lint `intra_doc_link_resolution_failure` has been renamed to `broken_intra_doc_links`
[INFO] [stdout]   --> src/lib.rs:10:9
[INFO] [stdout]    |
[INFO] [stdout] 10 | #![deny(intra_doc_link_resolution_failure)]
[INFO] [stdout]    |         ^^^^^^^^^^^^^^^^^^^^^^^^^^^^^^^^^ help: use the new name: `broken_intra_doc_links`
[INFO] [stdout]    |
[INFO] [stdout]    = note: `#[warn(renamed_and_removed_lints)]` on by default
[INFO] [stdout] 
[INFO] [stdout] 
[INFO] [stdout] error[E0432]: unresolved import `crate::btle::advertisement`
[INFO] [stdout]  --> src/advertisement.rs:2:18
[INFO] [stdout]   |
[INFO] [stdout] 2 | use crate::btle::advertisement::{AdStructure, RawAdvertisement};
[INFO] [stdout]   |                  ^^^^^^^^^^^^^ could not find `advertisement` in `btle`
[INFO] [stdout] 
[INFO] [stdout] 
[INFO] [stdout] error[E0432]: unresolved import `crate::btle::advertiser`
[INFO] [stdout]  --> src/advertisement.rs:3:18
[INFO] [stdout]   |
[INFO] [stdout] 3 | use crate::btle::advertiser::{Advertiser, Scanner, ScannerSink};
[INFO] [stdout]   |                  ^^^^^^^^^^ could not find `advertiser` in `btle`
[INFO] [stdout] 
[INFO] [stdout] 
[INFO] [stdout] error[E0432]: unresolved import `crate::btle::advertisement`
[INFO] [stdout]  --> src/advertisement.rs:2:18
[INFO] [stdout]   |
[INFO] [stdout] 2 | use crate::btle::advertisement::{AdStructure, RawAdvertisement};
[INFO] [stdout]   |                  ^^^^^^^^^^^^^ could not find `advertisement` in `btle`
[INFO] [stdout] 
[INFO] [stdout] 
[INFO] [stdout] error[E0432]: unresolved import `crate::btle::advertiser`
[INFO] [stdout]  --> src/advertisement.rs:3:18
[INFO] [stdout]   |
[INFO] [stdout] 3 | use crate::btle::advertiser::{Advertiser, Scanner, ScannerSink};
[INFO] [stdout]   |                  ^^^^^^^^^^ could not find `advertiser` in `btle`
[INFO] [stdout] 
[INFO] [stdout] 
[INFO] [stdout] error[E0433]: failed to resolve: could not find `advertisement` in `btle`
[INFO] [stdout]  --> src/advertisement.rs:7:44
[INFO] [stdout]   |
[INFO] [stdout] 7 | impl From<net::EncryptedPDU<'_>> for btle::advertisement::AdStructure {
[INFO] [stdout]   |                                            ^^^^^^^^^^^^^ could not find `advertisement` in `btle`
[INFO] [stdout] 
[INFO] [stdout] 
[INFO] [stdout] error[E0433]: failed to resolve: could not find `advertisement` in `btle`
[INFO] [stdout]  --> src/advertisement.rs:7:44
[INFO] [stdout]   |
[INFO] [stdout] 7 | impl From<net::EncryptedPDU<'_>> for btle::advertisement::AdStructure {
[INFO] [stdout]   |                                            ^^^^^^^^^^^^^ could not find `advertisement` in `btle`
[INFO] [stdout] 
[INFO] [stdout] 
[INFO] [stdout] error[E0433]: failed to resolve: could not find `advertisement` in `btle`
[INFO] [stdout]  --> src/advertisement.rs:9:51
[INFO] [stdout]   |
[INFO] [stdout] 9 |         AdStructure::MeshPDU(btle::advertisement::AdStructureDataBuffer::new(pdu.data()))
[INFO] [stdout]   |                                                   ^^^^^^^^^^^^^^^^^^^^^ not found in `btle::advertisement`
[INFO] [stdout]   |
[INFO] [stdout] help: consider importing this struct
[INFO] [stdout]   |
[INFO] [stdout] 1 | use btle::le::advertisement::AdStructureDataBuffer;
[INFO] [stdout]   |
[INFO] [stdout] 
[INFO] [stdout] 
[INFO] [stdout] error[E0433]: failed to resolve: could not find `advertisement` in `btle`
[INFO] [stdout]  --> src/advertisement.rs:9:51
[INFO] [stdout]   |
[INFO] [stdout] 9 |         AdStructure::MeshPDU(btle::advertisement::AdStructureDataBuffer::new(pdu.data()))
[INFO] [stdout]   |                                                   ^^^^^^^^^^^^^^^^^^^^^ not found in `btle::advertisement`
[INFO] [stdout]   |
[INFO] [stdout] help: consider importing this struct
[INFO] [stdout]   |
[INFO] [stdout] 1 | use btle::le::advertisement::AdStructureDataBuffer;
[INFO] [stdout]   |
[INFO] [stdout] 
[INFO] [stdout] 
[INFO] [stdout] warning: unnecessary parentheses around block return value
[INFO] [stdout]    --> src/device_state.rs:244:9
[INFO] [stdout]     |
[INFO] [stdout] 244 |         (self.0.end - self.0.start)
[INFO] [stdout]     |         ^^^^^^^^^^^^^^^^^^^^^^^^^^^ help: remove these parentheses
[INFO] [stdout]     |
[INFO] [stdout]     = note: `#[warn(unused_parens)]` on by default
[INFO] [stdout] 
[INFO] [stdout] 
[INFO] [stdout] warning: unnecessary parentheses around block return value
[INFO] [stdout]    --> src/device_state.rs:244:9
[INFO] [stdout]     |
[INFO] [stdout] 244 |         (self.0.end - self.0.start)
[INFO] [stdout]     |         ^^^^^^^^^^^^^^^^^^^^^^^^^^^ help: remove these parentheses
[INFO] [stdout]     |
[INFO] [stdout]     = note: `#[warn(unused_parens)]` on by default
[INFO] [stdout] 
[INFO] [stdout] 
[INFO] [stdout] error: aborting due to 4 previous errors; 2 warnings emitted
[INFO] [stdout] 
[INFO] [stdout] 
[INFO] [stdout] Some errors have detailed explanations: E0432, E0433.
[INFO] [stdout] 
[INFO] [stdout] For more information about an error, try `rustc --explain E0432`.
[INFO] [stdout] 
[INFO] [stdout] error: aborting due to 4 previous errors; 2 warnings emitted
[INFO] [stdout] 
[INFO] [stdout] 
[INFO] [stdout] Some errors have detailed explanations: E0432, E0433.
[INFO] [stdout] 
[INFO] [stdout] For more information about an error, try `rustc --explain E0432`.
[INFO] [stdout] 
[INFO] [stderr] error: could not compile `bluetooth_mesh`.
[INFO] [stderr] 
[INFO] [stderr] To learn more, run the command again with --verbose.
[INFO] [stderr] warning: build failed, waiting for other jobs to finish...
[INFO] [stderr] error: build failed
[INFO] running `Command { std: "docker" "inspect" "feb857a7c30f5743e4c85fbf79e2820afe438007d24767765dfb1e57c810e439", kill_on_drop: false }`
[INFO] running `Command { std: "docker" "rm" "-f" "feb857a7c30f5743e4c85fbf79e2820afe438007d24767765dfb1e57c810e439", kill_on_drop: false }`
[INFO] [stdout] feb857a7c30f5743e4c85fbf79e2820afe438007d24767765dfb1e57c810e439
